 - 14*s**2 + 15*s**2 - w + 3*s. Determine m(g).
-1
Let x(q) = 7*q + 4. Let u(z) = 3*z + 2. Let m(w) = -9*u(w) + 4*x(w). Give m(-4).
-6
Let s(g) be the first derivative of -g**2/2 + 1. Determine s(-2).
2
Let s(p) be the third derivative of p**6/120 + p**5/15 - 7*p**4/24 - 2*p**3/3 - 2*p**2. Let i be 2/(-4)*(-6 - 2). Let g be 1*(-1*i + -1). Determine s(g).
6
Let v(r) = 2*r**2 - 5*r + 6. Let f(n) = 3*n**2 - 6*n + 6. Let h(x) = 3*f(x) - 4*v(x). Calculate h(-5).
9
Let a = 13 + 4. Let l = -13 + a. Let n(s) = -s**3 + 4*s**2 - 3*s. Let c(p) = p**3 - 4*p**2 + 3*p. Let d(x) = -5*c(x) - 6*n(x). Give d(l).
12
Let k(i) = -i**2 + i + 11. Suppose -l = -3*l. Determine k(l).
11
Let u(z) be the third derivative of -z**6/120 + z**5/15 + 7*z**4/24 - 2*z**3/3 - 3*z**2. Determine u(5).
6
Let o(c) = c**3 - 3*c**2 + 2*c + 3. Let m = 4 - 1. Give o(m).
9
Let p = -12 - -7. Let f(n) be the first derivative of n**3/3 + 7*n**2/2 + 6*n + 2. Determine f(p).
-4
Let c(d) = -d**3 - 4*d**2 + 2. Suppose 0 = 3*w - 0 - 27. Suppose 4*f - w = 5*t + 11, -2*t - 8 = 3*f. Calculate c(t).
2
Let s(z) be the second derivative of z**4/12 - z**3/6 - 15*z. Calculate s(4).
12
Let w(l) = 1. Let b(s) = s**2 + s - 3. Let m(p) = -b(p) - 4*w(p). Let y be m(-1). Let r(o) = -8*o + 2. Let a(k) = -1. Let t(d) = -a(d) - r(d). Determine t(y).
-9
Suppose 2*j + 0*j = -5*j. Let l(g) = g**2 - g - 7. Calculate l(j).
-7
Suppose -s - 9 = -2*m, -m = -5*m + s + 15. Let f(v) be the first derivative of 0*v**2 + v + 1/3*v**m - 1. What is f(-2)?
5
Suppose 0 = -2*v, 2*z - 2*v - 950 = -0*z. Let f(a) = -475*a**2 + a**3 - 4*a + z*a**2. What is f(3)?
15
Let x be (0 + -4)*(-10)/(-40). Let b(m) = -4 + 0 + 5*m + 3. Determine b(x).
-6
Let b(d) = -d**2 - 6*d - 5. Let t be b(-4). Let o(h) = -h**2 - 1 + t - 1. What is o(-2)?
-3
Suppose -4*i - 16 = 2*c + 3*c, 33 = -5*i - 3*c. Let a(d) = d**2 + 8*d - 12. Calculate a(i).
-3
Let d(t) be the second derivative of -5*t**4/12 + t**3/3 + t**2/2 - 29*t. What is d(-1)?
-6
Let v(j) = 7*j - 5. Let b(z) = z - 1. Let q(m) = -6*b(m) + v(m). Calculate q(2).
3
Let z(f) = -f + 1. Let o(g) = 4*g - 2. Let r(a) = o(a) + 3*z(a). Let i = 9 - 4. Suppose 0 = i*x - 4*c + 30, -5*x - 4*c + 1 + 9 = 0. Give r(x).
-1
Let o(a) be the first derivative of -a**3/3 + 4*a**2 - 2*a - 4. What is o(6)?
10
Let v(r) be the first derivative of -r**4/4 + r**2 - 7*r - 4. Let f be v(0). Let g(p) = -p - 2. Give g(f).
5
Let y(a) = -4*a + 0 + 3*a + 5 + 4. Calculate y(4).
5
Let p(c) = 3*c**2 + 16*c + 2. Let b be p(-5). Let z(n) = -4 + n**3 + 3*n**2 + n**2 + 2*n + 2. Give z(b).
1
Let j(a) = -27 + 0*a + 3*a**2 - 4*a + 25 + 3*a. Let u(z) = 2*z - 16. Let i be u(7). What is j(i)?
12
Let i(x) = x + 1. Let b(m) = m**2 - 8*m + 3. Let z be b(7). Let s(t) = -5*t - 4. Let c(v) = z*i(v) - s(v). Give c(4).
4
Suppose -3*h + 5*h = 8. Let r(z) = z**3 - 4*z**2 + 2*z - 6. What is r(h)?
2
Let c(q) = q - 2. Suppose k - 2*l = 4, k - 42 = -3*k - 5*l. Determine c(k).
6
Let x(m) = -6 - 5*m - 10*m - 7*m**2 + 17*m + m**3. Give x(7).
8
Let u(w) = w**3 + 5*w**2 - 6*w + 6. Let i be (12/10)/(2/(-10)). Let n be -12*((-21)/i - 3). Determine u(n).
6
Suppose 0 = c + 5 + 4. Let k be ((-3)/c - 0)*0. Let i(z) = 0 + 5*z + k*z - 2 + 1. Give i(1).
4
Let b(g) be the second derivative of -g**4/12 + 5*g**3/6 + 7*g**2/2 + 12*g. Give b(7).
-7
Let i(d) = -d**2 - 2*d + 4. Let c be i(-3). Let q(w) = -4*w - 3. Let g(h) = -4 - 1 - h + 5 - 1. Let m(k) = c*q(k) - 3*g(k). Give m(-1).
1
Let s(a) be the third derivative of -a**6/120 + a**5/12 - 5*a**4/24 - a**3/3 - 2*a**2. Let v be s(4). Let u(j) = j**3 + 7*j**2 + 6*j - 4. What is u(v)?
-4
Let k(z) = z - 5 + 3*z**2 - 4*z**2 - 6*z. Suppose 4*h = -0*a - 5*a + 22, -2*h + a = -4. Suppose 6 = h*n + 21. What is k(n)?
-5
Suppose -5*v = -29 + 9. Let d be 6*1/(-4)*-2. Let u(t) = 2*t**3 - 3*t**d + 2*t - 3*t + 4*t**2. Give u(v).
-4
Suppose 0 = -3*k + 2*r - 8 - 2, 0 = -5*k - r - 34. Let v(j) = -2*j + 2. Let u(y) = -5*y + 3. Let l(m) = -3*u(m) + 7*v(m). What is l(k)?
-1
Let s(t) = -7*t**2 - 6*t - 1. Let b(f) = -13*f**2 - 11*f - 2. Let a(g) = -6*b(g) + 11*s(g). Suppose 5*q - 2 = 3. Let d be 0 - (q - 0) - -1. What is a(d)?
1
Let i be (-3)/12 + 17/4. Suppose 3*x + 33 = 5*r - x, 0 = i*r + 2*x - 16. Let o(t) = 4 + t - 4 + 7. Give o(r).
12
Let c(h) be the third derivative of 4*h**2 + 0 - 1/24*h**4 - 1/2*h**3 + 0*h. Give c(0).
-3
Suppose -1 = -2*t + 7. Let y = 7 - t. Let x(q) = 5*q**2 - 2*q + 3*q + 0*q + 6 - 4*q - q**y. Give x(4).
10
Suppose -3*z = x - 22, -z + 2 = -3*x - 22. Let j(s) = -s + 3. What is j(z)?
-6
Let x(z) = -2*z**2 + 1. Let s = 40 - 41. What is x(s)?
-1
Let o be (-8)/(-2) + (-32)/16. Let v(d) be the first derivative of d + 1/2*d**o + 3 - 1/3*d**3 - 1/2*d**4. What is v(-1)?
1
Let g(i) = 28*i - 3. Let h(x) = -111*x + 14. Let j(b) = 9*g(b) + 2*h(b). What is j(1)?
31
Let l(i) = i**2 - 4*i - 1. Let h = -6 + 17. Suppose -4*m + 5 = -h. Give l(m).
-1
Let z(c) = -4 + 5*c**2 - 7*c**2 + c**2 + 6*c. Let q be (-7)/(-2) - (-2)/(-4). Let h = q - -1. Give z(h).
4
Suppose 2*o + 2 = 0, 0*o = 4*h - o - 9. Let f(r) = -3*r**2 + r**3 + 0*r**3 + 44 + 3*r - 45. Determine f(h).
1
Let s(d) = -d**2 + d - 1. Let l be (4/(-4) - -6) + -1. Determine s(l).
-13
Let p(n) = 5*n + 6*n - 10*n. What is p(0)?
0
Suppose -5*q = -2*q. Suppose -2 = -3*r + 4. Let v(k) = 4 + 4 + q + k**r. Give v(0).
8
Let q(z) be the first derivative of -z**3/3 + 5*z**2/2 + 3*z + 7. Let w be q(4). Let k(m) = m - 1. Determine k(w).
6
Let w(m) = -2 - m - 2*m**2 + 3*m**2 + 1. Let t be (-4 + -2 + 2)/(-2). Suppose -3 = -t*g + g. What is w(g)?
5
Let v(i) = 5*i - 27. Let x(d) = d - 7. Suppose q + 4*w - 1 = 5, -w = 4*q + 6. Let g(m) = q*v(m) + 9*x(m). What is g(-5)?
-4
Let a = -148 - -149. Let t(d) = -2*d**2 - d + 1. Calculate t(a).
-2
Let z(j) = j**2 - 1. Let l(w) = 2*w**2 - 5*w - 3. Let s be -3 - (1 - (2 - 1)). Let c(b) = s*z(b) + l(b). Let v be 20/(-6) + 4/(-6). Give c(v).
4
Suppose 7*d + 0 = 21. Suppose -g - 1 + 4 = 0. Let v(c) = 4*c + 3. Let u(s) = 5*s + 4. Let q(k) = g*u(k) - 4*v(k). Determine q(d).
-3
Suppose -5*m + 3*v = 57, 0 = 5*m + 5*v - 14 + 39. Let i(y) = y**2 + 11*y + 2. Determine i(m).
-16
Let k(t) = -t**3 + 6*t**2 - 3*t - 2. Let x be (-5)/(-30) + 58/12. Give k(x).
8
Let n(q) = 2*q**3 - 7*q - q**3 + 8*q - 4*q**2 + q + 1. Determine n(3).
-2
Let k(q) = -q**3 - q**2 - q + 1. Let h(m) = 2*m**3 + m**2 + 2*m - 2. Let o be 2/(-7) + 23/7. Let r(d) = o*k(d) + 2*h(d). Determine r(2).
5
Let d be ((-4)/12)/((-1)/(-2) - 1). Let l(m) be the first derivative of -1/2*m**2 - 3 - m**4 + 0*m - d*m**3. What is l(-1)?
3
Let x(w) = 6*w**2 + 11*w - 2. Let s(a) = 6*a**2 - a**2 - 25 + 10*a + 23. Let p(y) = -5*s(y) + 4*x(y). What is p(-5)?
7
Let c(v) = -v**2 + 3*v - 2. Let x be c(4). Let i be ((-3)/x)/(1/(-2)). Let u(b) = -2*b**2 + b**2 + 8*b**2. Calculate u(i).
7
Let i be 10/(-8)*9/(9/(-4)). Let z(l) = -l + 1. What is z(i)?
-4
Let a(d) = -d - 4. Suppose -5*g + 3*w = 3 + 9, -5*g + 4*w - 11 = 0. Calculate a(g).
-1
Let l be 6 - 2 - (0 - 0). Suppose 0 = -2*x + l*j + 20, -2*x - 2*j + 0*j - 10 = 0. Suppose x*s = -2*s + 4. Let u(q) = q**3 - 2. Give u(s).
6
Let f(i) = 12*i - 57. Let s be f(5). Let n(p) be the first derivative of p**3/3 + p**2/2 - 4*p + 2. Determine n(s).
8
Let z = -6 - -11. Suppose -3*g + 5*o = -1, -2*g - 6 = 2*o - 7*o. Let k(t) = 2*t - 2 - g*t + t**2 + t. What is k(z)?
3
Let y(h) = -3*h**2 + 4*h + 13. Let m(l) = l**2 - 2*l - 6. Let z(j) = 5*m(j) + 2*y(j). Suppose -c = 18 - 15. Calculate z(c).
-7
Let x(c) = c**2 + c - 4. Suppose -31 = -5*a - 3*y, 15 = 3*a + 2*y - 4. Suppose -3*t - 7 = 2, 0 = i + a*t + 18. What is x(i)?
2
Let b(u) = 2*u**2 + 2*u. Let i(n) = 2*n - 7. Let q be i(6). Let l = -7 + q. Determine b(l).
4
Let t(h) = 8*h**3 + 20*h**2 + 26*h - 3. Let z(y) = -3*y**3 - 7*y**2 - 9*y + 1. Let m(w) = -4*t(w) - 11*z(w). Calculate m(4).
-3
Let h = -2 + 5. Let t = h - -1. Let d(b) = 13*b**3 - 7*b**2 + 9*b + 5. Let m(w) = 3*w**3 - 2*w**2 + 2*w + 1. Let x(c) = 2*d(c) - 9*m(c). Calculate x(t).
1
Let i(n) be the first derivative of 2 + 3*n - 3/2*n**2 - 1/3*n**3. Let u be 0 + 0 + 3 + -1. Determine i(u).
-7
Let p(z) = z**3 - 6*z**2 + z. Let c(f) = -f + 6. Let q be c(6). Suppose 12 + q = 3*s. Let g(a) = a + 2. Let b be g(s). Give p(b).
6
Let u(q) = 7*q - 5. Let t(n) = -20*n + 14. Let o(d) = -5*t(d) - 14*u(d). De